{"id":18,"date":"2014-12-15T22:28:04","date_gmt":"2014-12-15T21:28:04","guid":{"rendered":"http:\/\/wilhelmw.se\/fftm\/?page_id=18"},"modified":"2021-05-27T14:01:38","modified_gmt":"2021-05-27T13:01:38","slug":"arets-mungiga","status":"publish","type":"page","link":"https:\/\/fftm.se\/blogg\/foreningen\/arets-mungiga\/","title":{"rendered":"\u00c5rets Mungiga"},"content":{"rendered":"<p style=\"text-align: left;\">Varje \u00e5r utser styrelsen bland f\u00f6reslagna kandidater en pristagare, som de senaste \u00e5ren f\u00e5tt sitt pris i samband med Stockholm Early Music Festival.<\/p>\n<p style=\"text-align: left;\">Nedan listas de som hittills tilldelats mungigan och styrelsens motiveringar.<\/p>\n","protected":false},"excerpt":{"rendered":"<p>Varje \u00e5r utser styrelsen bland f\u00f6reslagna kandidater en pristagare, som de senaste \u00e5ren f\u00e5tt sitt pris i samband med Stockholm Early Music Festival. Nedan listas de som hittills tilldelats mungigan och styrelsens motiveringar.<\/p>\n","protected":false},"author":5,"featured_media":0,"parent":74,"menu_order":3,"comment_status":"open","ping_status":"closed","template":"mungiga.php","meta":{"_acf_changed":false,"_monsterinsights_skip_tracking":false,"_monsterinsights_sitenote_active":false,"_monsterinsights_sitenote_note":"","_monsterinsights_sitenote_category":0,"footnotes":""},"class_list":["post-18","page","type-page","status-publish","hentry"],"acf":[],"_links":{"self":[{"href":"https:\/\/fftm.se\/blogg\/wp-json\/wp\/v2\/pages\/18","targetHints":{"allow":["GET"]}}],"collection":[{"href":"https:\/\/fftm.se\/blogg\/wp-json\/wp\/v2\/pages"}],"about":[{"href":"https:\/\/fftm.se\/blogg\/wp-json\/wp\/v2\/types\/page"}],"author":[{"embeddable":true,"href":"https:\/\/fftm.se\/blogg\/wp-json\/wp\/v2\/users\/5"}],"replies":[{"embeddable":true,"href":"https:\/\/fftm.se\/blogg\/wp-json\/wp\/v2\/comments?post=18"}],"version-history":[{"count":1,"href":"https:\/\/fftm.se\/blogg\/wp-json\/wp\/v2\/pages\/18\/revisions"}],"predecessor-version":[{"id":1555,"href":"https:\/\/fftm.se\/blogg\/wp-json\/wp\/v2\/pages\/18\/revisions\/1555"}],"up":[{"embeddable":true,"href":"https:\/\/fftm.se\/blogg\/wp-json\/wp\/v2\/pages\/74"}],"wp:attachment":[{"href":"https:\/\/fftm.se\/blogg\/wp-json\/wp\/v2\/media?parent=18"}],"curies":[{"name":"wp","href":"https:\/\/api.w.org\/{rel}","templated":true}]}}